- 3*h. Calculate the remainder when l(k) is divided by u(2).
13
Calculate the remainder when 5 is divided by 4/3*(-5 - -8).
1
Suppose -5 - 7 = -3*u. Calculate the remainder when 5 is divided by u.
1
Suppose -21 = -2*b - 7. Calculate the remainder when 17 is divided by b.
3
Suppose 3*t = -4*s + 81, t + s = 2*t - 34. Suppose 4*i - 3*j - 487 = 0, i = -3*i + 2*j + 486. Calculate the remainder when i is divided by t.
28
Let u(n) = 9*n - 3. Let x be u(-3). What is the remainder when 48/9*x/(-8) is divided by (-1)/(-2) - 26/(-4)?
6
Suppose -5*b + u - 5*u = -51, 5*u - 55 = -5*b. What is the remainder when b is divided by 3?
1
Suppose -n - 18 = -3*n. Let p be (18/8)/((-1)/(-36)). Let z = -56 + p. What is the remainder when z is divided by n?
7
Calculate the remainder when (-1 - 5)*1376/(-192) is divided by 15.
13
Let o = 6 - 4. Suppose 3*p - o*p - 49 = 0. What is the remainder when p is divided by 17?
15
Suppose -5*v + 55 = 3*s + 6, 0 = v + 5*s - 23. Suppose -i - 2 = -5. What is the remainder when v is divided by i?
2
Let p be 11/4 - 1/(-4). Suppose 0 = -p*d + 5*d - 6. Suppose a - 17 = -4*k, 0 = d*a + k - 0 - 7. Calculate the remainder when 2 is divided by a.
0
Let p(i) = 2*i**2 - 15*i + 10. What is the remainder when 17 is divided by p(7)?
2
Suppose -8 = -2*d - 2*z, 0 = 3*d + z - 6*z - 4. Let y = 37 + 95. Calculate the remainder when 12/(-28) - y/(-14) is divided by d.
0
Let u(p) = p + 3. Let j be u(3). Let h = j + 19. Suppose -3*i = -4*s + 33, -3*s + 42 = 2*s - 3*i. Calculate the remainder when h is divided by s.
7
Let z be 1*((-6 - -3) + 12). Calculate the remainder when (-18)/(-12) - z/(-2) is divided by 4.
2
Suppose -4*g - 3*l + 128 = 0, -5*l - 93 = -4*g + 3. What is the remainder when g is divided by 5?
4
Let h(z) = 16*z**2 - z. Let w be (-4)/14 - (-96)/(-56). What is the remainder when h(w) is divided by 23?
20
Let t = 1 + 17. What is the remainder when t is divided by 5?
3
Let l(p) be the first derivative of -p**4/4 + 2*p**3/3 - p + 2. Let g = -23 + 27. Calculate the remainder when l(-2) is divided by g.
3
Calculate the remainder when (-408)/(-10) - (-5)/25 is divided by 21.
20
Suppose 0 - 15 = -5*q. Suppose -4*t - 2*b = -32, -5*t - 3*b + 14 + 26 = 0. Calculate the remainder when t is divided by q.
2
Suppose 0 = 6*u - 229 - 125. Calculate the remainder when u is divided by 12.
11
Let q = -6 + 10. Let n = 6 - q. Suppose 4*m = n + 10. Calculate the remainder when 8 is divided by m.
2
Suppose m = 5*y + 4 - 7, 4*y = -2*m + 22. Suppose 2*a = 3*p - 62 + 19, -53 = -3*p + 4*a. Calculate the remainder when p is divided by m.
4
Let u(t) = 8*t**3 - t**2 - t + 1. Let w be u(1). Suppose -w*x = -2*x. Suppose x = -m - 4*m + 50. What is the remainder when 19 is divided by m?
9
Let k = 94 - 67. Calculate the remainder when k is divided by 6.
3
Let m = 2 - -9. Suppose -n = -u - 5, 3*u = 2*n + 4*u - 16. Suppose -37 = -n*l - 9. What is the remainder when m is divided by l?
3
Let o(r) = -1 + 2*r**3 - 3*r + 4*r - 4*r**2 + 0*r**3 + 2*r**2. What is the remainder when 25 is divided by o(2)?
7
Calculate the remainder when 62 is divided by 16 - ((-6)/4)/(-3)*6.
10
Suppose -2*k + 34 - 6 = 0. What is the remainder when 53 is divided by k?
11
Let s(w) = 4*w - 5. Let b(i) = -2*i - 2 - 8 + 10*i. Let c(o) = -2*b(o) + 5*s(o). Calculate the remainder when c(4) is divided by 4.
3
What is the remainder when 47 is divided by -2 + -1 + -4 + 32?
22
Let l(n) = -2*n. Let f be l(-1). Let i = 4 - f. Suppose 6 = 2*m + m. Calculate the remainder when m is divided by i.
0
Let o = 13 + -9. Suppose 32 = o*m - 24. Calculate the remainder when (-242)/(-6) + 4/6 is divided by m.
13
Let t = 4 + -8. Let w(q) = -q**3 - q**2 + 2*q - 4. Let g be w(t). Suppose 3*o = -m + 50, -3*o + 3*m + 18 = -g. Calculate the remainder when 49 is divided by o.
15
Let r = 49 + -32. What is the remainder when 31 is divided by r?
14
Suppose j - 3*l - 27 = -0*j, 2*j - 54 = -l. Let g = -7 + 17. Calculate the remainder when j is divided by g.
7
Suppose -5*c - 2*k = 7 - 27, 9 = -c - 3*k. Suppose u + 3 - 17 = -f, -2*f = 3*u - 45. Calculate the remainder when u is divided by c.
5
Let m(l) = -4*l + 15*l**3 + 4*l - l**2 + 7 - 16*l**3. Suppose -4*h + 12 = -h. Calculate the remainder when m(0) is divided by h.
3
Suppose 10*s - 294 = 7*s. What is the remainder when s is divided by 33?
32
Let g = 13 + -5. Let z = g - 5. Suppose -3*s - 2*v + 4 = -13, z*s = 4*v + 47. Calculate the remainder when 26 is divided by s.
8
Suppose 0*y + q = -y + 14, -2*y + 14 = -5*q. Let h = -35 + 14. What is the remainder when ((-7)/h)/(1/105) is divided by y?
11
Let t = -21 - -40. What is the remainder when t is divided by 10?
9
Suppose -5*s = -0*s - 25. Suppose 0 = -s*w + 9 + 1. Suppose t + w*t - 12 = 0. What is the remainder when t is divided by 3?
1
Suppose 2*w - 10 = -4*o + 68, 4 = 4*o. Calculate the remainder when w is divided by 8.
5
Let u(t) = -t + 13. Let m be u(8). Suppose -155 = -0*c - m*c. Calculate the remainder when c is divided by 8.
7
Let j be (-3)/1*6*-1. Let k = j - 6. Calculate the remainder when 23 is divided by k.
11
Let l = 1 + -1. Suppose l = 4*b - v - 91, 0 = 2*b + v - 0*v - 53. What is the remainder when 2 is divided by (2 + b/(-9))*-3?
0
Let g(o) = o + 5. Let h(m) = 5*m + 24. Let d(n) = 11*g(n) - 2*h(n). Let k(p) = p**2 + 2*p - 2. Let u be k(-4). What is the remainder when 25 is divided by d(u)?
12
Let a(t) = t**3 - 5*t - 3. Let b be a(-3). Let z = b + 22. Calculate the remainder when 18 is divided by z.
4
Let g be (-6 + 8)*(-61)/(-2). Suppose l = 2*m - g, -4*m = -2*m + 3*l - 57. Calculate the remainder when m is divided by 16.
14
What is the remainder when 29 + -11 + -4*1 is divided by 3?
2
Suppose -5*d + 38 + 33 = 2*b, 0 = 3*b - 5*d - 69. What is the remainder when 83 is divided by b?
27
Let n be (-2 - -3)/(3/6). Suppose -6 = -3*o + 5*s, 3*o + n*o + 5*s - 10 = 0. What is the remainder when o is divided by 1?
0
Let f be (78/4)/(6/8). Suppose f = a + 3*x + x, 149 = 4*a + x. Suppose -5 = 3*k - a. Calculate the remainder when 21 is divided by k.
10
What is the remainder when 0 + (-4 - (2 - 46)) is divided by 14?
12
Suppose -9 - 79 = -4*q. Suppose 54 + q = 4*n. Calculate the remainder when 36 is divided by n.
17
Let n = 173 - 44. What is the remainder when n is divided by 26?
25
Suppose -2*c = -4*m + 22, -m - 5*c + 7 + 4 = 0. Let q = -45 + 54. Calculate the remainder when q is divided by m.
3
Suppose 0 = -5*x - 4*i + 12, -4*x + 2*i + 15 = -5. What is the remainder when 19 is divided by x?
3
Let k(c) be the third derivative of -c**4/8 + 7*c**3/6 - c**2. Suppose -n - m = 2*n + 18, -2*n - 3*m = 12. Calculate the remainder when k(n) is divided by 13.
12
Let h(d) = d - 1. Let w(l) = -l**3 - 6*l**2 - l - 2. Let y be w(-6). Calculate the remainder when h(5) is divided by 9/y + 2/(-8).
0
Suppose -4*q + 95 - 11 = 0. Suppose 5*b - p + 0*p - 191 = 0, 0 = -5*b - 4*p + 211. Calculate the remainder when b is divided by q.
18
Let l = 34 - -2. Let j = 46 - 33. Calculate the remainder when l is divided by j.
10
Let w(g) = g**3 + 2*g**2 - 2. Suppose -a - 2 = 4. Let y(q) = -4*q + 2. What is the remainder when y(a) is divided by w(2)?
12
Let s(g) = g + 13. Let q be s(-10). Suppose -q*r - 49 = -4*t, 24 = -5*t - 4*r + 62. What is the remainder when 17 is divided by t?
7
Suppose 0*q + 150 = 3*x + 3*q, -5*x - q = -250. Calculate the remainder when x is divided by 26.
24
Let n = 18 + 33. Let k = 95 - n. What is the remainder when k is divided by 24?
20
Suppose -n = 2*n - 3. Let y = n + -2. Calculate the remainder when y + 0 + 44 + 2 is divided by 16.
13
Let n = -14 - -21. What is the remainder when 13 is divided by n?
6
Let t = -3 + 3. Let s(z) = -z**2 + z + 4. Calculate the remainder when -2 + 42/3 + 2 is divided by s(t).
2
Let u(f) = 14*f**3 + f**2 - 1. Let q be u(-1). Let g = -9 - q. Suppose 20 = 3*y + y + 2*b, -b = -4*y + 8. Calculate the remainder when g is divided by y.
2
Let p = -22 - -36. Let c be 0 + p + -3 - -3. Suppose 2*h - 62 = -c. Calculate the remainder when h is divided by 13.
11
Suppose -118 - 136 = -3*s - y, -422 = -5*s - 2*y. What is the remainder when s is divided by 22?
20
Suppose -6*u + 10 = -2*u - 2*l, 5*l + 3 = -u. Suppose 2*g + 6 = 4*x, 2*g = -u*x + 7*x - 9. Calculate the remainder when g is divided by 3.
0
Let z(j) = 2*j**2 - 